x**5/60 - 5*x**4/24 - 21*x**2 - 3. Suppose 12 = 3*j, 2*j = 3*w - 17 + 7. Give s(w).
6
Let w be 30/(-30)*(6 + 3 + -2) - -7. Let b(p) be the third derivative of -p**4/24 - p**3 + p**2. Give b(w).
-6
Let j(l) = 21*l + 17. Let x(r) = 37*r + 26. Let h(u) = 9*j(u) - 5*x(u). What is h(-5)?
3
Let a = 4237 - 4237. Let o(l) = -3*l - 1. What is o(a)?
-1
Let c(r) = -r**2 + 3*r + 130. Let n be c(-10). Suppose n = 3*v - 5 + 11. Let i(x) = x**2 + x + 2. Give i(v).
4
Let q = 208 - 205. Let u(d) = 2*d**2 + 3*d - 4. Let v(l) = -3*l**2 - 4*l + 5. Let s(i) = 4*u(i) + 3*v(i). Give s(q).
-10
Let p(m) be the first derivative of 0*m**5 + 1/36*m**6 + 0*m + 0*m**4 + 6 + 0*m**2 + 17/3*m**3. Let a(t) be the third derivative of p(t). What is a(1)?
10
Let a(l) be the second derivative of l**7/840 - l**6/180 - l**5/40 - l**3/2 - 24*l**2 - 3*l + 4. Let j(y) be the second derivative of a(y). Give j(3).
0
Let d(p) = -2*p**2 + 10*p - 18. Suppose 74*x = -589 + 811. Calculate d(x).
-6
Let x(r) = 2*r - 2. Let p(c) = -13 + 7 - 4*c + 10. Let m(w) = -p(w) - x(w). Determine m(1).
0
Let m(r) be the third derivative of -r**6/120 - 2*r**5/15 + 3*r**4/8 + 11*r**3/6 - 6086*r**2. What is m(-8)?
-61
Let m(b) = -b**2 - 22*b + 16. Let c(z) = -3*z**2 - 46*z + 35. Let n(q) = 2*c(q) - 5*m(q). Determine n(10).
70
Let d(i) = -748*i + 746*i + 8*i**2 + 1 + 10*i**2. What is d(1)?
17
Let g(w) = -w**2 - 4 - w + 2*w + 4*w. Let j = 282 - 90. Suppose -17*c + 49*c - j = 0. Calculate g(c).
-10
Let b(u) be the second derivative of 3*u**3 - 31*u**2/2 - 8963*u. Calculate b(4).
41
Let v(b) be the second derivative of -b**5/20 + b**4/4 - b**3/2 + 21*b**2/2 + 4168*b. What is v(5)?
-44
Let b(y) be the first derivative of 9*y**2/2 - 85*y - 84. Let r be b(10). Let i(z) = z**2 - 3*z - 5. Give i(r).
5
Let o(i) be the first derivative of i**3/6 + 5*i**2/2 - 83*i - 71. Let x(v) be the first derivative of o(v). Determine x(-6).
-1
Let u = -112 + 125. Let y(h) = h**2 - 22*h + 12. Let c be y(u). Let g = -101 - c. Let i(b) = -b + 5. Calculate i(g).
1
Let d(u) = -9*u - 4. Let v(o) = 41*o - 36. Let k(h) = -4*d(h) - v(h). Give k(10).
2
Let x(u) = -u**3 - 6*u**2 + u. Suppose -120 = -28*g - 36. Let r(p) = 2*p**3 + 1. Let o be r(1). Suppose g*h + 6 = o*l, 0 = h + h + 5*l + 32. Give x(h).
-6
Let b(d) be the third derivative of -d**6/120 - d**5/60 + d**4/6 - 8*d**3/3 - 3*d**2 - 2*d - 137. Calculate b(0).
-16
Let b = 4287 + -4267. Let j(z) be the first derivative of b - 1/2*z**2 + 1/3*z**3 - 1/4*z**4 + 6*z. Calculate j(0).
6
Let r(u) = -12*u - 7. Let q(h) = 17*h + 10. Let p(i) = 7*q(i) + 10*r(i). Determine p(-1).
1
Suppose -4*s + q - 232 = -2*q, 228 = -4*s + 4*q. Let m = s + 66. Suppose -m*n - 42 = 2*n. Let c(o) = -o**2 - 5*o + 7. Give c(n).
1
Suppose 15*b = 2*b. Let y(l) = -5 + 0 + b*l + l + 9. What is y(-7)?
-3
Let r(q) be the third derivative of q**5/60 + q**4/3 + q**3 + 1942*q**2. Suppose 1 = m + 7. Determine r(m).
-6
Let m(h) = 38*h - 19*h + h**3 + 58*h**2 - 21*h - 59*h**2 + 10 - 2*h**3. What is m(0)?
10
Let u be 59 + 2/2 + -4. Let r be 8/u + 16/(-14). Let x(y) = -22*y**3 + 4*y**3 + y**2 + 7*y**3 + 8*y**3. Determine x(r).
4
Let b be -8 + (2 - 2)/2. Let z(x) = 4*x - 11. Let g(q) = -q + 1. Let k(a) = 10*g(a) + 2*z(a). Calculate k(b).
4
Let i(b) = -b + 1. Suppose -21 = -213*k + 320 + 724. Calculate i(k).
-4
Let o(b) = -2 + 1 - 38*b**3 + 81*b**3 - 42*b**3 - 3*b**2 - 3*b. Let t be 1 + (-3)/((-3)/4). Suppose t*f = g + 19, 9*g - 4*g + 26 = 2*f. What is o(f)?
-10
Let u(i) = i**2 - 6*i - 9. Let g(q) = -25*q**3 + 3*q + 3. Let n be g(-1). Suppose -7*o + 74 = n. Give u(o).
-2
Let i(l) = 1 - 14 - l + 0 - 14. Let c = -2 + 2. What is i(c)?
-27
Let x(t) = -t**3 - 2*t**2 - 2*t - 7. Suppose 94*d + 82*d + 83*d = 240*d. What is x(d)?
-7
Let q(w) = 1469 + 1472 + 122*w - w**3 - 4422 + 14*w**2 + 1491. Give q(-6).
-2
Let x(h) = -h**3 - 10*h**2 - 8*h + 13. Let b be x(-9). Suppose 4*y + 3*g - 21 = 0, 3*y - b*y + 3*g = 6. Let t(r) = y - r + 1 - 3. Give t(3).
-2
Let s(x) be the second derivative of -x**5/20 - 2*x**4/3 - x**3/2 + 5*x**2 + x + 1447. What is s(-8)?
34
Let q = 233 + -230. Let p(a) = 5*a - 13. Calculate p(q).
2
Let l(r) = r**3 + 3*r**2 + 2*r - 3. Suppose -4*o - 32 = -4*a, 3*a - 4*o = -6*o - 1. Let b be a*(-2 - (-3 + 2)). Calculate l(b).
-9
Let a(h) = h**2 + 44*h - 603. Let o be a(-55). Let m(n) = -3*n**2 - 9*n + 21. Determine m(o).
-9
Let u = -106 - -149. Let y = u + -41. Let z be y + -3 + (-9 - -8). Let f(a) = a**3 + 2*a**2 - a - 1. Determine f(z).
1
Let h(z) = z**2 + 11 - 7*z - 9 + 0. Let p(y) = -10*y - 4. Let q be p(-1). What is h(q)?
-4
Let y(c) = 4*c + 5 + 2 - 2*c. Let w be (-2 - -51)*(2 + 4). Let k = 289 - w. Give y(k).
-3
Let j(h) = -2*h**2 - 7*h - 5. Let g be (21/(-2))/(-6 - 294/(-48)). Let c = 80 + g. Give j(c).
-9
Let h(q) = -q**3 + 4*q + 1. Suppose -48 = -m - 23*m. Let d(p) = p**3 - p**2 - 4*p - 3. Let y(b) = m*d(b) + 3*h(b). Calculate y(-4).
13
Let f(k) = -37*k + 1077*k**2 - 547*k**2 + 6 - 535*k**2 + k**3. Determine f(9).
-3
Let t(o) = -3 + 5 - o**3 + 4*o**2 - 3 - 3*o. Let k = -49 + 57. Let z be (-36)/6 - (-1 - k). Give t(z).
-1
Let z(h) = 1383 + 4*h - 1484 + 9*h - 16*h. Calculate z(-26).
-23
Let p(v) = v - 5. Let m = 290 - 278. Suppose 14*l = -m*l + 4*l. What is p(l)?
-5
Let t(p) = p**2 + 10*p - 51. Let b = -30801 - -30787. Determine t(b).
5
Let n(l) = -8*l + 119. Let u be n(15). Let r(h) = -5*h - 3. Let z(w) = 6*w + 4. Suppose -4*o - 2*o = 24. Let d(c) = o*z(c) - 5*r(c). Determine d(u).
-2
Let z(o) = -o + 6. Let c = 13 - 14. Let u be 0/10*c/(-3). Suppose 0 = 3*d - u*d - 24. Calculate z(d).
-2
Let s(u) = -23*u + 1. Let n(v) = v**3 - 9*v**2 - 35*v - 13. Let m be n(12). Let x(j) = -3*j**3 + j - 1. Let a be x(m). What is s(a)?
-22
Suppose -3*h + 33 + 177 = 0. Let x = 72 - h. Let u(i) = -3 - i - 2*i - i**3 - i + x + 8*i**2. Determine u(7).
20
Let k(c) = -3 - 18*c + 3 + 7 + c**3 + 0 - 17*c**2. Let y be k(18). Let a(s) = s**3 - 4*s**2 + y*s - 4 + 11*s**2 + 5 - 3*s. What is a(-6)?
13
Let d(o) = -36*o + 399. Let k be d(11). Let s(m) = -9*m**2 - 3*m**3 - 2 + 21 + k*m**3 + m**3 - 6. Determine s(9).
13
Let v(p) = 6*p**3 - 18*p**3 + 6 + p + 11*p**3 + p - 4*p. Determine v(0).
6
Suppose 3*i + 0 + 2 = -2*p, -4*i = 0. Let f(k) = -2*k**2 - 1465 + 15*k**3 - k + 1465. Calculate f(p).
-16
Let y(b) = -3*b + 10. Let h be (-11 - -4 - -5)*11. Let u be 12/(-4) - (-11)/(h/(-12)). Determine y(u).
1
Let p(c) = 45*c**2 + 90*c. Let h be (-4 - (-7 + -3) - 32/4)*1. Determine p(h).
0
Suppose 25*v - 39*v + 28 = 0. Let t be (62/155)/(v/(-25)). Let r(b) = -b**3 - 6*b**2 - 6*b - 1. What is r(t)?
4
Let z(l) = 47*l**3 - l**2 + 8*l + 5. Let y(o) = 140*o**3 - 3*o**2 + 23*o + 14. Let b(h) = -6*y(h) + 17*z(h). Give b(1).
-41
Let b be 10/(-3)*(-15)/25. Suppose -b*c - 100 = -102. Let d(k) = -5*k**3 - 3*k + 10*k**3 + 2*k + k**2. Give d(c).
5
Let s(v) = -v**2 + 8*v - 13. Let q be s(5). Let u(l) = -4*l - 4*l - 3 + q*l - l. Give u(-4).
25
Let q(i) = 20*i - 17. Let j(h) = -31*h + 25. Let l(w) = 5*j(w) + 8*q(w). Let x be (-256)/(-96) + 50/15. Determine l(x).
19
Let o = 124 - 121. Let d(c) be the third derivative of -c**6/120 + c**5/60 + c**4/24 - c**3/3 + 8*c**2 - 8*c. Calculate d(o).
-17
Suppose 2599 = 4*a + 13*o - 8*o, -a + 655 = -4*o. Let k = -663 + a. Let j(f) = -2*f - 16. Determine j(k).
8
Let i(s) be the second derivative of -s**4/12 - s**3/3 - 5*s**2/2 - 2*s. Let u = 47 + -39. Suppose -u*t - 5 = -7*t. Give i(t).
-20
Let p(r) = -r**3 - 2*r**2 + 12*r + 11. Let v be p(-5). Let x = -30 + v. Let y(o) = 2*o**2 + 6*o + 6. Calculate y(x).
14
Let c(q) = -36*q + 84. Let s(r) = 25*r - 78. Let o(i) = 2*c(i) + 3*s(i). Determine o(16).
-18
Suppose -28*t + 33*t = 0. Suppose -13 = -5*r + 22. Suppose r*s + t*s + 14 = 0. Let j(c) = -13*c - 2. Determine j(s).
24
Let s(g) = 79*g**2 + g. Let u be s(1). Suppose 3*y + y - u = 0. Suppose 2*l = -5*m - y, -1 = -4*m + l - 4. Let v(h) = -4*h**2 - 3*h. What is v(m)?
-10
Let g(l) = -l**3 + l**2 + l. Let o be g(-1). Suppose 0 = -3*m + 5*f + 25, 5*m - 23 = 5*f + 2. Let n(b) = 2*b + 0*b + m*b + 1 + 0. Calculate n(o).
3
Let l(u) = -227*u + 38. Let i(h) = 65*h - 12. Let w(m) = 7*i(m) + 2*l(m). Let x = 17 - 11. What is w(x)?
-2
Suppose 3*u + 34 = 52. Let l(g) = -4*g**2 + 3*g + 8. Let n(i) = -5*i**2 + 2*i + 8. Let q(o) = -4*l(o) + 3*n(o). Determine q(u).
-